e h(1).
5
Let a(f) = -5*f + 15. Let h(q) = 2*q - 7. Let l(i) = -3*a(i) - 7*h(i). Calculate l(-6).
-2
Let q(n) = -4*n - 3. Let g = 57 + -61. What is q(g)?
13
Let u be 0 - (-4 + 0 + 0). Suppose -3*a = u*k - 23, 3*k + a + 3*a = 26. Let z be 0 + k + -1 - 3. Let b(y) = -y**2. What is b(z)?
-4
Let t(b) = -b - 7. Let l be 52/(-13) + (0 - -4). Calculate t(l).
-7
Let p(r) = -r + 7. Suppose 10*q = 15*q - 30. Determine p(q).
1
Let y(t) be the third derivative of t**5/60 + t**4/8 + t**3/3 - 2*t**2. Determine y(-4).
6
Let z = -46 + 45. Let j(u) = -5*u**2 + 2*u + 1. Determine j(z).
-6
Let k(i) = -i**2 - 5*i + 3. Suppose -3*w - 5*y + 8*y = 6, -w - 6 = -5*y. Let s be (6 - 9) + w*2. Calculate k(s).
3
Let h be (0/(-2))/(1 - 3). Let d(k) = -k**2 + 7*k - 4. Let g be d(6). Let b(m) = m - g*m - m**2 - 1 + m**3 + m. Give b(h).
-1
Let a(t) = t**2 + 8*t + 7. Let s be a(-6). Let r(p) = 2*p + 7 + p + 0. Determine r(s).
-8
Suppose x = 5*a - 28, -3*x = -5*x + 4. Suppose -21 + a = -5*f. Let c(y) = y**f - 2*y**2 - y + 1 + 0*y**3 + 1. Determine c(2).
0
Let i(b) = -b**2 - 7*b - 1. Let w(j) = -7*j**2 - 3*j - 2. Let n be w(-1). Calculate i(n).
5
Let s(m) = -3*m**2 + 4*m - 1. Let o(n) = 2*n**2 - 3*n + 1. Let h(x) = -4*o(x) - 3*s(x). Calculate h(1).
0
Let m = 15 - 11. Let r(n) = n + n + m*n - 4*n. What is r(-3)?
-6
Let z(f) = -3*f**3 + f**2. Let c(h) = -13*h**3 + 5*h**2. Let o(a) = 2*c(a) - 9*z(a). Let w(j) = j**3 - 11*j**2 + 17*j + 7. Let i be w(9). What is o(i)?
-4
Let p(z) = z**2 + 4*z - 5. Suppose 0 = -4*a - a + 10. Suppose s + 18 = -a*s. Calculate p(s).
7
Let k(q) = -1 + 3 + 1 + 3*q. Let n(m) = -m**2 - 5*m - 3. Let r be n(-3). Determine k(r).
12
Let v be 0 + (0 - 1) + -1. Let g(d) = -d. Suppose 0 = -5*y + 3*z - 28, 5*y - 5*z = 18 - 48. Let f(i) = i. Let x(n) = y*f(n) - 4*g(n). Calculate x(v).
2
Let s(l) = 3*l**2 - 6 + 0 - 2*l**2. Suppose -2*j - z - 25 = -6*z, 5*j - 2*z = -10. Determine s(j).
-6
Let a(d) = -d**3 + 3*d**2 - d - 1. Suppose w + w = 0. Suppose q + w*q = 2. What is a(q)?
1
Let t(n) be the second derivative of 1/6*n**3 - 3/4*n**4 + 0*n**2 + 0 - 4*n. Give t(-1).
-10
Let z(h) = -2*h - 7. Let c be z(-5). Suppose 6 = -c*t + t. Let m(s) = -s**2 - s + 4. Give m(t).
-2
Let j(m) = 3*m + 3. Suppose -w = 3*w - 16. Suppose 21 = -2*a + 3*y, 5*y = w*a + 37 - 0. Calculate j(a).
-6
Let u(o) be the second derivative of -o**4/4 - o**3/2 + 6*o. Let c be u(-2). Let x(i) = -i**2 - 8*i + 1. Determine x(c).
13
Let f(p) be the first derivative of -p**3/3 + p**2 - 1. Let z(s) = -s**3 + 1. Let d be z(-2). Suppose -4*n + d*n = 15. Give f(n).
-3
Let z(g) be the third derivative of -g**4/24 - g**3/6 + 2*g**2. Suppose 0 = -2*k + 5*q + 15, -2*k + 10 = k - 5*q. Calculate z(k).
4
Let x(z) = -7*z + 3. Let i(w) = w - 1. Let k(d) = 2*i(d) + x(d). Calculate k(2).
-9
Let x(d) = -2*d**2 - 4 - 1 + 4 - d. Let u = -206 - -205. What is x(u)?
-2
Suppose w = -0*w - 2*b - 4, 0 = 4*b. Let t(p) = -5*p + 5. What is t(w)?
25
Suppose 0 = -5*z + z + 16. Let l(o) = -o**2 + 5. Give l(z).
-11
Suppose 0 = -0*q + 4*q + 20. Let b(y) be the first derivative of 2*y - 5/3*y**3 + 0*y**2 - 1/4*y**4 + 1. Determine b(q).
2
Suppose 123*m = 125*m - 4. Let q(n) = 2*n**3 - 2*n**2 - 2*n + 3. Calculate q(m).
7
Let j(c) = 3*c + 0*c - 5*c + 0*c. Suppose -7 + 39 = -3*n + 4*k, 4*n + 5*k - 9 = 0. Determine j(n).
8
Let c(s) be the first derivative of s**7/840 + s**6/120 - s**5/20 - s**4/4 + s**3/3 + 1. Let u(n) be the third derivative of c(n). Determine u(-4).
2
Let f = 26 - 27. Let p(k) be the first derivative of -11*k**4/4 - k**2 - k + 1. Calculate p(f).
12
Let m(z) = -z**2 + 9*z - 9. Suppose -13 - 5 = -3*y. Calculate m(y).
9
Let s(w) be the second derivative of 2*w**2 - 5/6*w**3 + 2*w + 0. What is s(3)?
-11
Let a = -3 - -8. Suppose -12 = -a*q + q. Let o(b) be the first derivative of -2*b**3/3 + b**2 - 1. Give o(q).
-12
Let y(g) = -g**3 + g**2 + g. Let n = -53 + 54. Determine y(n).
1
Let i(g) = -g + 1. Let a(z) = -z**3 - 3*z**2 - z - 2. Let y be a(-3). Let k = -7 + y. Let p be 10/k + (-12)/(-18). Calculate i(p).
2
Let d(n) be the first derivative of -n**6/360 + n**5/40 + 7*n**4/24 - 2*n**3/3 - 1. Let i(b) be the third derivative of d(b). Suppose 5*m = 4*m + 5. Give i(m).
-3
Let q(n) = -n + 2. Let l(p) = -p + 15. Let h be l(11). Give q(h).
-2
Let t(r) be the second derivative of 3*r + 3*r**2 - 1/20*r**5 + 0 + 1/2*r**3 + 1/3*r**4. Give t(5).
-4
Let k(x) = 2*x**2 + x. Suppose 0 = -4*s + y + 9, -4*y - 2 = 4*s + 14. What is k(s)?
3
Let j(h) = h**2 - 6*h - 1. Suppose -2 = -q + 2. Suppose 8 = q*m, m + 28 = 4*u + 3*m. Calculate j(u).
-1
Let p be 13/4 + ((-45)/(-4))/15. Let i(w) be the third derivative of w**5/60 - w**4/4 + w**3 - w**2. Give i(p).
-2
Let x(v) = -v**3 - 7*v**2 + v + 3. Suppose 5*b = b + 160. Suppose -i + b = -5*f, 2*f + 1 = 4*f + 3*i. Give x(f).
-4
Let j(y) = -y**2 + 4*y + 1. Suppose 21 = s + 6*s. Give j(s).
4
Let l = -76 + 72. Suppose -6*r = -4*r - 4*j + 10, -5*r = -j - 20. Let f(g) = r - g**2 - 5*g + g + 0*g. Calculate f(l).
5
Let m(f) = -2 - 191*f + 6 + 188*f. Determine m(4).
-8
Let s be (60/(-8))/5*-2. Let j(g) be the second derivative of 0 + 1/20*g**5 - 1/12*g**4 - 3/2*g**2 + 1/2*g**s + g. Determine j(2).
7
Let y(m) be the second derivative of m**4/12 + 7*m**3/6 - 2*m**2 + 3*m. Determine y(-6).
-10
Let l(u) = -7*u - 9. Let c(a) = 3*a + 5. Let g(p) = 5*c(p) + 2*l(p). What is g(-5)?
2
Let k be 5/(4*(-10)/(-16)). Let j(b) = 4*b**2 - b + 1. Let m = -16 + 23. Let n(f) = -13*f**2 + 2*f - 3. Let v(y) = m*j(y) + 2*n(y). What is v(k)?
3
Let g = -5 + 2. Let m(o) = o - 2. Let s be m(g). Let q(r) = -4*r**2 - 6*r - 6. Let p(h) = 7*h**2 + 12*h + 12. Let u(y) = -3*p(y) - 5*q(y). Calculate u(s).
-1
Let c(a) = a**3 - 5*a**2 + 6*a. Let u(m) = m**3 - 6*m**2 + 6*m + 1. Let d(y) = 2*c(y) - 3*u(y). Let l = 0 + 7. Calculate d(l).
4
Let s = 30 - 2. Let b = s + -20. Suppose -4*i + 2*i = b. Let l(r) = r**2 + 4*r + 1. Give l(i).
1
Let p(o) be the third derivative of 0 + 2/3*o**3 - 1/30*o**5 + 0*o - 2*o**2 - 1/8*o**4. Suppose 2 - 5 = v. Calculate p(v).
-5
Let c(y) = y - 5. Let n be c(0). Let s(a) = -3 - 5*a**2 + 0*a**3 + 7 - 3*a**3 + 2*a**3. What is s(n)?
4
Let k(w) = w**2 + w + 1. Let b(i) be the first derivative of i**3/3 - 3*i**2/2 - i + 1. Let r be b(4). Suppose -p - r*p = 0. What is k(p)?
1
Suppose 4*q + 4*o + 8 = 0, -o = -2*q + 3*o + 26. Let j(p) be the third derivative of 0*p + 0 + 1/6*p**3 + 5/24*p**4 + q*p**2. Determine j(-1).
-4
Let u(y) = -9*y - 9. Let r be u(-2). Suppose -5 = -f - 1. Suppose -2*k - 3*i + r = -4*k, -4*i + 12 = -f*k. Let x(d) = d - 6. Calculate x(k).
-6
Let k(u) = u**3 + 3*u**2 - 2*u + 3. Suppose 2*b - 4 = z, -4*z = -b + z + 20. Suppose 3*n = -m - n + 5, -m - 2*n + 1 = b. What is k(m)?
9
Let m(d) = -d**3 - 3*d**2 - d + 1. Let g be m(-2). Let f(x) = -9*x - 7. Let j(o) = 4*o + 3. Let w(s) = -3*f(s) - 7*j(s). Give w(g).
1
Let v(u) = u**3 + 4*u**2 + 2*u - 1. Let g be 3/(-6) + (-34)/(-4). Let l(m) = 0 + 5*m**3 + 9*m**2 - 4*m**3 - 2 + g*m + 0. Let z be l(-8). Calculate v(z).
3
Let q(c) = -2*c**3 + 13*c**2 - 5*c - 7. Let l be q(6). Let i(d) = -3*d**2 - 1. Give i(l).
-4
Let j be (16/(-12))/((-2)/(-6)). Let l(g) = g**2. Let v(i) = i**2 - i. Let h(y) = j*l(y) + 5*v(y). What is h(3)?
-6
Let f(w) = 7*w**3 - w**2 - w - 1. Let n = 18 + -19. Give f(n).
-8
Let f(a) be the second derivative of -5*a**3/3 - a**2/2 + 13*a. Calculate f(1).
-11
Let y(k) = k**3 + 11*k**2 + 10*k + 4. Let z be y(-10). Let b(j) = -4*j**2 - 10*j - 6. Let v(l) = -3*l**2 - 9*l - 5. Let u(o) = 4*b(o) - 5*v(o). Give u(z).
5
Let b(o) = -o - 7. Let n be ((-2)/(-3))/(4/(-18)). Give b(n).
-4
Let c(v) = v**3 + 3*v**2 + 3*v + 5. Let j(o) = 5*o**3 + 12*o**2 + 11*o + 21. Let p(t) = 9*c(t) - 2*j(t). What is p(4)?
7
Let j(b) = b**3 - b**2 - 1. Let i(r) = 4*r**3 - 4*r**2 - 5. Let p(l) = i(l) - 5*j(l). What is p(1)?
0
Let f be (-5)/(-2 - -1)*(-4)/(-10). Let m(a) = a**2 + 2*a - 4. Let d(n) = -n**2 - 2*n + 5. Let r(u) = -2*d(u) - 3*m(u). Give r(f).
-6
Let q(t) = t + 5. Let z be q(0). Suppose 5*w - 7 = -z*a + 3, -w = -4*a - 7. Let m(n) = 3*n**2 + 1 - 2*n**3 - 3*n**3 + 4*n**w. Determine m(3).
1
Let m(p) = p**2 + p. Let i be m(-2). Let l(n) = 2*n**3 - n**2 - n**3 + i*n**2. Let w(h) = 7*h**3 + 8*h**2 + h. Let b(x) = -6*l(x) + w(x). Determine b(-1).
0
Suppose -2*k = -6*k + 5*m - 28, -m =